*x + 2. Let h be z(l). Suppose h = 5*b - b. Calculate the remainder when b is divided by 4.
1
Let q = 138 + -110. Calculate the remainder when 81 is divided by q.
25
Let g = 633 + -362. What is the remainder when g is divided by 34?
33
Let o = -724 + 734. Calculate the remainder when 35 is divided by o.
5
Let k(p) = -p**2 - 38*p - 148. What is the remainder when 48 is divided by k(-33)?
14
Suppose 2*m + 1 - 15 = 0. Calculate the remainder when 10 is divided by m.
3
Let y(z) = -z**3 + 6*z**2 + 7*z - 25. Calculate the remainder when 105 is divided by y(4).
0
Suppose -11*g = -2*p - 13*g + 986, 5*g = 5*p - 2425. What is the remainder when p is divided by 41?
38
Suppose 0 = i - 4*r - 123, -r - 3*r = -2*i + 266. Let j = i - 62. Calculate the remainder when j is divided by 21.
18
Let u(w) = w**3 - w**2 + 15. What is the remainder when 1967/28 + (-4)/(48/(-9)) is divided by u(0)?
11
Let s = -976 - -1389. Calculate the remainder when s is divided by 38.
33
What is the remainder when 21/(42/176) + (-2 - -5) is divided by 19?
15
Let q(f) = -2*f + 14. Let x(y) = 19*y**3 - y**2 - 3*y + 3. Calculate the remainder when q(-9) is divided by x(1).
14
Suppose 4*p - 4*g = -g + 190, 0 = -3*p + 4*g + 139. What is the remainder when 91 is divided by p?
42
Suppose -i + 40 + 3 = 0. What is the remainder when 124 is divided by i?
38
Let g = 33 + -22. Let a = g - 11. Calculate the remainder when 3 - (-1 + a - 74) is divided by 27.
24
Suppose -4*c = -2*z - 10, -2*c = -3*z - 0 + 1. Suppose c*x - 37 = -1. Let f(p) = -p**3 - 7*p**2 - 6*p + 3. What is the remainder when x is divided by f(-6)?
0
Let r = -159 - -242. Calculate the remainder when r is divided by 17.
15
Let c be -4 + (-33*1 - (-6 - -5)). What is the remainder when ((-18)/12)/(2/c) is divided by 14?
13
Let j(i) = 13*i**2 + 23*i + 44. What is the remainder when j(-3) is divided by 32?
28
Suppose -2*x + 29 = -27. Suppose x = f - 4*y, -f + 68 = 2*f - 4*y. What is the remainder when 67 is divided by f?
7
Let p(i) = 3*i**2 + 11*i - 15. What is the remainder when 226 is divided by p(5)?
111
Let h = 40 - 16. Let t be (78/(-4))/(18/h). Let o = t + 45. What is the remainder when o is divided by 7?
5
Let n(d) = 7*d + 4. Let v be n(5). Suppose 2*x + x = v. Suppose 24*q = 19*q - 3*f + 114, 2*f + 4 = 0. What is the remainder when q is divided by x?
11
Let j(q) be the third derivative of q**4/8 - 5*q**3/6 + 9*q**2. Let f be j(2). Calculate the remainder when 55 is divided by 1/((-2)/(-58*f)).
26
Suppose 0 = -61*a + 58*a + 69. Calculate the remainder when 252 is divided by a.
22
Suppose -170*c = -175*c + 40. Calculate the remainder when 36 is divided by c.
4
Let f(g) be the first derivative of -g**4/2 + 2*g**3/3 + g**2/2 + g + 6. Let b = -60 - -58. What is the remainder when f(b) is divided by 9?
5
Let g = 73 - 59. Suppose 9*j - g = 8*j. What is the remainder when 83 is divided by j?
13
Let w(n) = 59*n**2 - 50*n + 50. Calculate the remainder when 468 is divided by w(1).
55
Suppose 4 = 12*r - 11*r. Calculate the remainder when (26 - -4)*(-1)/(-2) is divided by r.
3
Let c(p) be the first derivative of -p**3/3 - 14*p**2 + 7*p + 37. Calculate the remainder when 203 is divided by c(-27).
33
Let p(t) = -t**3 - 8*t**2 + 26*t - 12. What is the remainder when 127 is divided by p(-11)?
62
Let q = 91 + -56. Suppose -470 = -19*n + 24*n. Calculate the remainder when n/(-14) - (-10)/q is divided by 3.
1
Suppose -3*a = -n + 32, 0*a = 2*a + 6. What is the remainder when n is divided by 5?
3
Let d(a) = -2*a**3 - 6*a**2 - a - 2. Suppose -40 = 4*v - 180. Let z = 47 - v. Calculate the remainder when d(-4) is divided by z.
10
Let o = 5 + -8. Calculate the remainder when 3/(12/8) + 26/2 is divided by (o + -1)/((-4)/6).
3
Let a = 19 + -14. Suppose 180 = 5*b + 5*w, -a*w - 20 - 52 = -2*b. Calculate the remainder when b is divided by 10.
6
Let o be (-166)/(-4)*(-6 + 4). Let n = -43 - o. Calculate the remainder when n is divided by 11.
7
Let h = 653 + -634. What is the remainder when 62 is divided by h?
5
What is the remainder when (2 + 1626/12)/((-5)/(-10)) is divided by 35?
30
Suppose w + 13 = m, -3*w + 0*m = -m + 33. Suppose 5*z + 8 = 98. Calculate the remainder when w/(-10)*2/1 - -31 is divided by z.
15
Suppose w + y + 0*y = -22, -12 = w - 4*y. Let c = 136 + w. Calculate the remainder when c is divided by 39.
38
Let y = -8 + 102. Let h = -67 + y. What is the remainder when 51 is divided by h?
24
Suppose -113*d - 15 = -118*d. Calculate the remainder when 31 is divided by d.
1
Let f(r) = -5*r - 29. Let o be f(-8). What is the remainder when o/(6/10 + 91/(-260)) is divided by 9?
8
Let r(i) = -24*i + 11. Let v be r(-6). Suppose -d + 4*h + 51 = 0, 0*d + 5*h = -5*d + v. Suppose 17 = 4*c - d. Calculate the remainder when 38 is divided by c.
12
Suppose 440 = 266*c - 255*c. What is the remainder when 77 is divided by c?
37
Let k(u) = 8*u - 25 - 22 + 23. What is the remainder when k(8) is divided by 14?
12
Let o = 1 + 1. Suppose 3*c - 30 = -c + 2*q, -o*c = -3*q - 25. Suppose 0 = n - c*r, 0 = -3*r + r + 8. Calculate the remainder when 77 is divided by n.
17
What is the remainder when (-1)/(-5 + (-9504)/(-1902)) is divided by 16?
13
Suppose -277*q - 5310 = -3851 - 33591. Let a(d) = d**2 + 4*d - 1. What is the remainder when q is divided by a(6)?
57
Let g = -143 + 146. Let i = 2 - -1. Calculate the remainder when i is divided by g.
0
Suppose -78*l - 312 = -86*l. Calculate the remainder when 45 is divided by l.
6
Suppose -31 = -6*u + 875. Calculate the remainder when u is divided by 14.
11
Suppose 2*v + 146 = -34. Let k = -37 - v. Suppose 64 - 148 = -6*b. What is the remainder when k is divided by b?
11
Let d = -5877 + 5953. Let h = -32 - -52. What is the remainder when d is divided by h?
16
Suppose 5*f = 195 + 20. Suppose 11 - f = -2*z. Suppose -s + 25 = -z. What is the remainder when s is divided by 14?
13
Let i = 1000 - 928. What is the remainder when 166 is divided by i?
22
Let k = 7119 - 7061. Suppose 2*x = -1 + 21. Calculate the remainder when k is divided by x.
8
Suppose 0 = -5*j - 3*j + 1248. Let k be j/24 - (-1)/2. Let w = 28 - k. What is the remainder when 40 is divided by w?
19
Suppose -829*f + 822*f = -147. Suppose a = g + 51 - 17, a - 36 = 2*g. Let m = 29 + a. What is the remainder when m is divided by f?
19
Suppose 5*w = 7*f - 4*f + 680, -25 = 5*f. Calculate the remainder when w is divided by 69.
64
Let v = -12 - -15. Suppose v*p = -0*p + 57. Suppose -2*f + 13 = 3. Calculate the remainder when p is divided by f.
4
Suppose -4*l = 11*q - 9*q - 180, -4*l = -q - 168. What is the remainder when 49 is divided by l?
6
Let s = 11 + 11. Suppose 2 - s = 5*v. Let a(j) = -5*j + 9. Calculate the remainder when a(v) is divided by 10.
9
Let n = 132 + -243. Suppose -5*h + 23 = -52. Calculate the remainder when 2*(n/(-6) + -4) is divided by h.
14
Suppose 3*x - 309 = -h - 3*h, -15 = 5*h. Let v(g) be the first derivative of g**4/4 + g**2/2 - 3*g + 2. What is the remainder when x is divided by v(3)?
26
Let k(f) = 16*f**3 - 5*f + 3. Calculate the remainder when 24 is divided by k(1).
10
Suppose 0 = m - 3*m + 8. Let c = 163 + -155. Suppose -4*t + 5*n = t - 45, -m*n - c = 0. Calculate the remainder when 11 is divided by t.
4
Suppose 2*h - 236 = -44. Suppose -3*p + 12 = 0, 0 = c - 5*c - 2*p + h. Calculate the remainder when 87 is divided by c.
21
Calculate the remainder when 541 is divided by (8 - -6 - -1)/3 + 63.
65
Suppose 0 = g + 3*x - 2, 0 = -3*g - 5*x - 13 + 39. Let d(w) = w**3 - 73*w**2 - 115*w + 3094. Calculate the remainder when d(74) is divided by g.
9
Suppose -16*z = -531 - 429. What is the remainder when 82 is divided by z?
22
Suppose -9 = -12*z + 9*z. Suppose z*b - 5 = 7, -b + 49 = 5*d. What is the remainder when d is divided by 6?
3
Let b = 22 - -21. Suppose 3652*q - 3643*q - 1143 = 0. What is the remainder when q is divided by b?
41
Let a(q) = -79*q - 163. What is the remainder when 161 is divided by a(-3)?
13
Calculate the remainder when 257 is divided by 9 + (-4 - -9) - -8.
15
Let h = 359 - 111. Calculate the remainder when h is divided by 50.
48
Let n = -922 - -983. Calculate the remainder when 204 is divided by n.
21
Let j = 23 + -13. Let h be 28 - 1*(-1 - 1). Let r = h + -3. Calculate the remainder when r is divided by j.
7
Let o be ((-10)/4)/(-1*1/3